{"id":58,"date":"2017-05-05T11:55:58","date_gmt":"2017-05-05T11:55:58","guid":{"rendered":"http:\/\/rnbtheme.com\/thirty_three\/?page_id=58"},"modified":"2025-09-15T09:52:23","modified_gmt":"2025-09-15T07:52:23","slug":"footer","status":"publish","type":"page","link":"https:\/\/tcbw-delmenhorst.de\/index.php\/footer\/","title":{"rendered":"Fu\u00dfzeile"},"content":{"rendered":"<div class=\"wpb-content-wrapper\"><p>[vc_row dfd_bg_style=&#8220;image&#8220; dfd_bg_image_new=&#8220;695&#8243; dfd_bg_image_repeat=&#8220;no-repeat&#8220; dfd_image_bg_color=&#8220;#2a2a2a&#8220; dfd_bg_image_position=&#8220;center center&#8220; dfd_bg_image_repeat_mobile=&#8220;repeat&#8220; dfd_bg_image_size_mobile=&#8220;initial&#8220; dfd_overlay_color=&#8220;#0c0c0c&#8220; dfd_overlay_pattern=&#8220;transperant&#8220; force_equal_height_columns=&#8220;main_row&#8220; align_content_vertically=&#8220;&#8220; mobile_destroy_equal_heights_resolution=&#8220;799&#8243; dfd_row_config=&#8220;full_width_content&#8220; dfd_row_responsive_enable=&#8220;dfd-row-responsive-enable&#8220; css=&#8220;.vc_custom_1522956918917{padding-right: 100px !important;padding-left: 100px !important;}&#8220; mobile_destroy_equal_heights=&#8220;yes&#8220; dfd_bg_image_new_responsive=&#8220;157&#8243; dfd_bg_resolution=&#8220;1023&#8243; dfd_bg_image_position_mobile=&#8220;top left&#8220; responsive_styles=&#8220;padding_left_mobile:10|padding_right_mobile:10&#8243;][vc_column width=&#8220;1\/4&#8243; el_class=&#8220;dfd_col-tablet-6&#8243; offset=&#8220;vc_col-lg-3 vc_col-md-3 vc_col-xs-12&#8243;]<div class=\"dfd-spacer-module\"  data-units=\"px\" data-wide_resolution=\"1280\" data-wide_size=\"75\" data-normal_resolution=\"1024\" data-normal_size=\"65\" data-tablet_resolution=\"800\" data-tablet_size=\"55\" data-mobile_resolution=\"480\" data-mobile_size=\"70\" style=\"height: 75px;\"><\/div><div id=\"dfd-single-image-module69e16f39b8568-3017\" class=\"dfd-single-image-module  image-left  dfd-img-lazy-load\" ><img loading=\"lazy\" decoding=\"async\" src=\"data:image\/svg+xml;charset=utf-8,%3Csvg xmlns%3D'http%3A%2F%2Fwww.w3.org%2F2000%2Fsvg' viewBox%3D'0 0 110 110'%2F%3E\" data-src=\"https:\/\/tcbw-delmenhorst.de\/wp-content\/uploads\/2018\/03\/logo_medium_bw.png\" width=\"110\" height=\"110\" data-retina-img=\"https:\/\/tcbw-delmenhorst.de\/wp-content\/uploads\/2018\/03\/logo_medium_bw_highres.png\" alt=\"Tennis-Club Blau-Weiss Delmenhorst e.V.\" \/><\/div><div class=\"dfd-spacer-module\"  data-units=\"px\" data-wide_resolution=\"1280\" data-wide_size=\"35\" data-normal_resolution=\"1024\" data-normal_size=\"30\" data-tablet_resolution=\"800\" data-tablet_size=\"30\" data-mobile_resolution=\"480\" data-mobile_size=\"25\" style=\"height: 35px;\"><\/div>[vc_column_text]Der Tennis-Club Blau-Weiss Delmenhorst aus der N\u00e4he von Bremen ist dein Tennisverein mit Herz![\/vc_column_text]<div class=\"dfd-spacer-module\"  data-units=\"px\" data-wide_resolution=\"1280\" data-wide_size=\"30\" data-normal_resolution=\"1024\" data-normal_size=\"30\" data-tablet_resolution=\"800\" data-tablet_size=\"30\" data-mobile_resolution=\"480\" data-mobile_size=\"25\" style=\"height: 30px;\"><\/div><div id=\"dfd-icon-list-69e16f39b8635-6740\" class=\"dfd-icon-list-wrap  style-1  \" ><ul class=\"dfd-icon-list\"><li class=\"\"><div class=\"dfd-list-content clearfix \" style=\"padding-bottom:25px;\"><div class=\"dfd-list-icon-block text-center\" style=\"margin-right:20px;color:rgba(255,255,255,0.5); width:18px; height:18px; \"><i class = \"dfd-icon-marker\"><\/i><\/div><div class=\"dfd-list-content-block content\"><a href=\"https:\/\/www.google.de\/maps\/place\/TC+Blau-Weiss+Delmenhorst+eV\/@53.0379998,8.6213797,15.75z\/data=!4m5!3m4!1s0x47b0d4e3a60e51c1:0x4232da513d6e5b8c!8m2!3d53.0380006!4d8.6252654\" target=\"_blank\" rel=\"noopener\">Lethestra\u00dfe 17, 27755 Delmenhorst<\/a><\/div><\/div><\/li><li class=\"\"><div class=\"dfd-list-content clearfix \" style=\"padding-bottom:25px;\"><div class=\"dfd-list-icon-block text-center\" style=\"margin-right:20px;color:rgba(255,255,255,0.5); width:18px; height:18px; \"><i class = \"dfd-icon-phone\"><\/i><\/div><div class=\"dfd-list-content-block content\">04221 916 34 15<\/div><\/div><\/li><\/ul><\/div><script type=\"text\/javascript\">(function($) {$(\"head\").append(\"<style>#dfd-icon-list-69e16f39b8635-6740 .dfd-icon-list .content {style=&quot;&quot;}<\/style>\");})(jQuery);<\/script><div class=\"dfd-spacer-module\"  data-units=\"px\" data-wide_resolution=\"1280\" data-wide_size=\"65\" data-normal_resolution=\"1024\" data-normal_size=\"65\" data-tablet_resolution=\"800\" data-tablet_size=\"40\" data-mobile_resolution=\"480\" data-mobile_size=\"0\" style=\"height: 65px;\"><\/div>[\/vc_column][vc_column width=&#8220;1\/4&#8243; el_class=&#8220;dfd_col-tablet-6 widget_categories&#8220; offset=&#8220;vc_col-lg-3 vc_col-md-3 vc_col-xs-12&#8243;][\/vc_column][vc_column width=&#8220;1\/4&#8243; el_class=&#8220;dfd_col-tablet-6&#8243; offset=&#8220;vc_col-lg-3 vc_col-md-3 vc_hidden-md vc_hidden-sm vc_col-xs-12 vc_hidden-xs&#8220;]<div class=\"dfd-spacer-module\"  data-units=\"px\" data-wide_resolution=\"1280\" data-wide_size=\"75\" data-normal_resolution=\"1024\" data-normal_size=\"65\" data-tablet_resolution=\"800\" data-tablet_size=\"0\" data-mobile_resolution=\"480\" data-mobile_size=\"30\" style=\"height: 75px;\"><\/div><div class=\"dfd-heading-shortcode\"><div class=\"dfd-heading-module-wrap  text-left style_01 dfd-heading-69e16f39b881a dfd-disable-resposive-headings\" id=\"dfd-heading-69e16f39b881a\" ><div class=\"inline-block\"><div class=\"dfd-heading-module\"><h6 class=\"widget-title dfd-title \" style=\"font-size: 13px; color: #7c7c7c !important; \">NEWS<\/h6><\/div><\/div><\/div><script type=\"text\/javascript\">\r\n\t\t\t\t\t\t\t\t\t(function($) {\r\n\t\t\t\t\t\t\t\t\t\t$(\"head\").append(\"<style>.dfd-heading-69e16f39b881a.dfd-heading-module-wrap .dfd-heading-module .dfd-heading-delimiter {margin-top:10px;margin-bottom:10px;}<\/style>\");\r\n\t\t\t\t\t\t\t\t\t})(jQuery);\r\n\t\t\t\t\t\t\t\t<\/script><\/div><div class=\"dfd-spacer-module\"  data-units=\"px\" data-wide_resolution=\"1280\" data-wide_size=\"35\" data-normal_resolution=\"1024\" data-normal_size=\"30\" data-tablet_resolution=\"800\" data-tablet_size=\"30\" data-mobile_resolution=\"480\" data-mobile_size=\"10\" style=\"height: 35px;\"><\/div><div class=\"dfd-module-wrapper\"><div class=\"dfd-blog-loop dfd-blog-posts-module  dfd-blog-module-69e16f39b89fd simple with-number-decor \"id=\"dfd-blog-module-69e16f39b89fd\" >\r\n\t<div class=\"dfd-blog-wrap\">\r\n\r\n\t\t\t<div class=\"post-4375 post type-post status-publish format-standard has-post-thumbnail hentry category-allgemein desc-hover\">\r\n\t\t\t\t<div class=\"cover\">\r\n\t\t\t\t\t\r\n\t\t\t\t\t<div class=\"clearfix\">\r\n\t\t\t\t\t\t<div class=\"entry-thumb\">\r\n\t\t\t\t\t\t\t<img decoding=\"async\" src=\"https:\/\/tcbw-delmenhorst.de\/wp-content\/uploads\/2025\/04\/20250413_100037-1-150x150.jpg\" alt=\"Frohe Ostern 2026\"\/>\r\n\t\t\t\t\t\t<\/div>\r\n\t\t\t\t\t\t<div class=\"content-wrap\">\r\n\t\t\t\t\t\t\t<div class=\"dfd-blog-heading-wrap\"><h6 class=\"dfd-blog-title \" style=\"\"><a href=\"https:\/\/tcbw-delmenhorst.de\/index.php\/2026\/04\/03\/frohe-ostern-2026\/\" title=\"Frohe Ostern 2026\">Frohe Ostern 2026<\/a><\/h6>\t\t<div class=\"dfd-meta-wrap\">\r\n\t\t\t<div class=\"entry-meta meta-bottom\">\r\n\t<span class=\"entry-date\">3. April 2026<\/span>\t<span class=\"before-author\">by<\/span>\r\n\t<span class=\"byline author vcard\">\r\n\t<a href=\"https:\/\/tcbw-delmenhorst.de\/index.php\/author\/jenswerner\/\" rel=\"author\" class=\"fn\">\r\n\t\tJens Werner\t<\/a>\r\n<\/span>\t<span class=\"before-category\">in<\/span>\r\n\t\t<span class=\"byline category\">\r\n\t\t<a href=\"https:\/\/tcbw-delmenhorst.de\/index.php\/category\/allgemein\/\" class=\"fn\">\r\n\t\t\t<span class=\"cat-name\">Allgemein<\/span>\r\n\t\t<\/a>\r\n\t<\/span>\r\n\t<\/div>\t\t<\/div>\r\n\t<\/div><div class=\"entry-content\"><p>Wir w\u00fcnschen allen Mitgliedern und Freunden unseres Vereines&#8230; \u00a0 ein frohes Osterfest 2026<\/p><\/div>\t\t\t\t\t\t<\/div>\r\n\t\t\t\t\t<\/div>\r\n\t\t\t\t\t\t\t\t\t\t\t<div class=\"dfd-share-cover dfd-share-animated\">\r\n\t\t\t\t\t\t\t<div class=\"dfd-blog-share-popup-wrap\" data-directory=\"https:\/\/tcbw-delmenhorst.de\/wp-content\/themes\/dfd-ronneby\" data-url=\"https:\/\/tcbw-delmenhorst.de\/index.php\/2026\/04\/03\/frohe-ostern-2026\/\" data-text=\"Share\" data-title=\"Share\">\r\n\t<div class=\"box\">\r\n\t\t<div class=\"dfd-share-icons\">\r\n\t\t\t<ul class=\"rrssb-buttons\">\r\n\t\t\t\t<li class=\"rrssb-facebook facebook soc_icon-facebook\">\r\n\t\t\t\t\t<!--  Replace with your URL. For best results, make sure you page has the proper FB Open Graph tags in header: -->\r\n\t\t\t\t\t<a href=\"https:\/\/www.facebook.com\/sharer\/sharer.php?u=https:\/\/tcbw-delmenhorst.de\/index.php\/2026\/04\/03\/frohe-ostern-2026\/\" class=\"popup\"><\/a>\r\n\t\t\t\t<\/li>\r\n\t\t\t\t<li class=\"rrssb-linkedin linkedin soc_icon-linkedin\">\r\n\t\t\t\t\t<!-- Replace href with your meta and URL information -->\r\n\t\t\t\t\t<a href=\"http:\/\/www.linkedin.com\/shareArticle?mini=true&amp;url=https:\/\/tcbw-delmenhorst.de\/index.php\/2026\/04\/03\/frohe-ostern-2026\/\" class=\"popup\"><\/a>\r\n\t\t\t\t<\/li>\r\n\t\t\t\t<li class=\"rrssb-pinterest pinterest soc_icon-pinterest\">\r\n\t\t\t\t\t<!-- Replace href with your meta and URL information.  -->\r\n\t\t\t\t\t<a href=\"http:\/\/pinterest.com\/pin\/create\/button\/?url=https:\/\/tcbw-delmenhorst.de\/index.php\/2026\/04\/03\/frohe-ostern-2026\/&image_url=https:\/\/tcbw-delmenhorst.de\/wp-content\/uploads\/2025\/04\/20250413_100037-1.jpg\" class=\"popup\"><\/a>\r\n\t\t\t\t<\/li>\r\n\t\t\t\t<li class=\"rrssb-twitter twitter dfd-added-icon-twitter-x-logo\">\r\n\t\t\t\t\t<!-- Replace href with your Meta and URL information  -->\r\n\t\t\t\t\t<a href=\"https:\/\/twitter.com\/intent\/tweet?text=https:\/\/tcbw-delmenhorst.de\/index.php\/2026\/04\/03\/frohe-ostern-2026\/\" class=\"popup\"><\/a>\r\n\t\t\t\t<\/li>\r\n\t\t\t<\/ul>\r\n\t\t<\/div>\r\n\t\t<div class=\"dfd-share-title box-name\">Share<\/div>\r\n\t<\/div>\r\n<\/div>\t\t\t\t\t\t<\/div>\r\n\t\t\t\t\t\t\t\t\t<\/div>\r\n\t\t\t<\/div>\r\n\t\t\t\t\t\t<div class=\"post-4369 post type-post status-publish format-standard has-post-thumbnail hentry category-allgemein desc-hover\">\r\n\t\t\t\t<div class=\"cover\">\r\n\t\t\t\t\t\r\n\t\t\t\t\t<div class=\"clearfix\">\r\n\t\t\t\t\t\t<div class=\"entry-thumb\">\r\n\t\t\t\t\t\t\t<img decoding=\"async\" src=\"https:\/\/tcbw-delmenhorst.de\/wp-content\/uploads\/2026\/03\/Screenshot_20260325_040259_WhatsApp-150x150.jpg\" alt=\"TCBW Saisoner\u00f6ffnung 2026\"\/>\r\n\t\t\t\t\t\t<\/div>\r\n\t\t\t\t\t\t<div class=\"content-wrap\">\r\n\t\t\t\t\t\t\t<div class=\"dfd-blog-heading-wrap\"><h6 class=\"dfd-blog-title \" style=\"\"><a href=\"https:\/\/tcbw-delmenhorst.de\/index.php\/2026\/03\/25\/tcbw-saisoneroeffnung-2026\/\" title=\"TCBW Saisoner\u00f6ffnung 2026\">TCBW Saisoner\u00f6ffnung 2026<\/a><\/h6>\t\t<div class=\"dfd-meta-wrap\">\r\n\t\t\t<div class=\"entry-meta meta-bottom\">\r\n\t<span class=\"entry-date\">25. M\u00e4rz 2026<\/span>\t<span class=\"before-author\">by<\/span>\r\n\t<span class=\"byline author vcard\">\r\n\t<a href=\"https:\/\/tcbw-delmenhorst.de\/index.php\/author\/jenswerner\/\" rel=\"author\" class=\"fn\">\r\n\t\tJens Werner\t<\/a>\r\n<\/span>\t<span class=\"before-category\">in<\/span>\r\n\t\t<span class=\"byline category\">\r\n\t\t<a href=\"https:\/\/tcbw-delmenhorst.de\/index.php\/category\/allgemein\/\" class=\"fn\">\r\n\t\t\t<span class=\"cat-name\">Allgemein<\/span>\r\n\t\t<\/a>\r\n\t<\/span>\r\n\t<\/div>\t\t<\/div>\r\n\t<\/div>\t\t\t\t\t\t<\/div>\r\n\t\t\t\t\t<\/div>\r\n\t\t\t\t\t\t\t\t\t\t\t<div class=\"dfd-share-cover dfd-share-animated\">\r\n\t\t\t\t\t\t\t<div class=\"dfd-blog-share-popup-wrap\" data-directory=\"https:\/\/tcbw-delmenhorst.de\/wp-content\/themes\/dfd-ronneby\" data-url=\"https:\/\/tcbw-delmenhorst.de\/index.php\/2026\/03\/25\/tcbw-saisoneroeffnung-2026\/\" data-text=\"Share\" data-title=\"Share\">\r\n\t<div class=\"box\">\r\n\t\t<div class=\"dfd-share-icons\">\r\n\t\t\t<ul class=\"rrssb-buttons\">\r\n\t\t\t\t<li class=\"rrssb-facebook facebook soc_icon-facebook\">\r\n\t\t\t\t\t<!--  Replace with your URL. For best results, make sure you page has the proper FB Open Graph tags in header: -->\r\n\t\t\t\t\t<a href=\"https:\/\/www.facebook.com\/sharer\/sharer.php?u=https:\/\/tcbw-delmenhorst.de\/index.php\/2026\/03\/25\/tcbw-saisoneroeffnung-2026\/\" class=\"popup\"><\/a>\r\n\t\t\t\t<\/li>\r\n\t\t\t\t<li class=\"rrssb-linkedin linkedin soc_icon-linkedin\">\r\n\t\t\t\t\t<!-- Replace href with your meta and URL information -->\r\n\t\t\t\t\t<a href=\"http:\/\/www.linkedin.com\/shareArticle?mini=true&amp;url=https:\/\/tcbw-delmenhorst.de\/index.php\/2026\/03\/25\/tcbw-saisoneroeffnung-2026\/\" class=\"popup\"><\/a>\r\n\t\t\t\t<\/li>\r\n\t\t\t\t<li class=\"rrssb-pinterest pinterest soc_icon-pinterest\">\r\n\t\t\t\t\t<!-- Replace href with your meta and URL information.  -->\r\n\t\t\t\t\t<a href=\"http:\/\/pinterest.com\/pin\/create\/button\/?url=https:\/\/tcbw-delmenhorst.de\/index.php\/2026\/03\/25\/tcbw-saisoneroeffnung-2026\/&image_url=https:\/\/tcbw-delmenhorst.de\/wp-content\/uploads\/2026\/03\/Screenshot_20260325_040259_WhatsApp.jpg\" class=\"popup\"><\/a>\r\n\t\t\t\t<\/li>\r\n\t\t\t\t<li class=\"rrssb-twitter twitter dfd-added-icon-twitter-x-logo\">\r\n\t\t\t\t\t<!-- Replace href with your Meta and URL information  -->\r\n\t\t\t\t\t<a href=\"https:\/\/twitter.com\/intent\/tweet?text=https:\/\/tcbw-delmenhorst.de\/index.php\/2026\/03\/25\/tcbw-saisoneroeffnung-2026\/\" class=\"popup\"><\/a>\r\n\t\t\t\t<\/li>\r\n\t\t\t<\/ul>\r\n\t\t<\/div>\r\n\t\t<div class=\"dfd-share-title box-name\">Share<\/div>\r\n\t<\/div>\r\n<\/div>\t\t\t\t\t\t<\/div>\r\n\t\t\t\t\t\t\t\t\t<\/div>\r\n\t\t\t<\/div>\r\n\t\t\t\t\t\t<div class=\"post-4366 post type-post status-publish format-standard has-post-thumbnail hentry category-allgemein desc-hover\">\r\n\t\t\t\t<div class=\"cover\">\r\n\t\t\t\t\t\r\n\t\t\t\t\t<div class=\"clearfix\">\r\n\t\t\t\t\t\t<div class=\"entry-thumb\">\r\n\t\t\t\t\t\t\t<img decoding=\"async\" src=\"https:\/\/tcbw-delmenhorst.de\/wp-content\/uploads\/2026\/03\/05-06-_001-150x150.jpg\" alt=\"TCBW Gemeinschaftsdienste 2026\"\/>\r\n\t\t\t\t\t\t<\/div>\r\n\t\t\t\t\t\t<div class=\"content-wrap\">\r\n\t\t\t\t\t\t\t<div class=\"dfd-blog-heading-wrap\"><h6 class=\"dfd-blog-title \" style=\"\"><a href=\"https:\/\/tcbw-delmenhorst.de\/index.php\/2026\/03\/21\/tcbw-gemeinschaftsdienste-2026\/\" title=\"TCBW Gemeinschaftsdienste 2026\">TCBW Gemeinschaftsdienste 2026<\/a><\/h6>\t\t<div class=\"dfd-meta-wrap\">\r\n\t\t\t<div class=\"entry-meta meta-bottom\">\r\n\t<span class=\"entry-date\">21. M\u00e4rz 2026<\/span>\t<span class=\"before-author\">by<\/span>\r\n\t<span class=\"byline author vcard\">\r\n\t<a href=\"https:\/\/tcbw-delmenhorst.de\/index.php\/author\/jenswerner\/\" rel=\"author\" class=\"fn\">\r\n\t\tJens Werner\t<\/a>\r\n<\/span>\t<span class=\"before-category\">in<\/span>\r\n\t\t<span class=\"byline category\">\r\n\t\t<a href=\"https:\/\/tcbw-delmenhorst.de\/index.php\/category\/allgemein\/\" class=\"fn\">\r\n\t\t\t<span class=\"cat-name\">Allgemein<\/span>\r\n\t\t<\/a>\r\n\t<\/span>\r\n\t<\/div>\t\t<\/div>\r\n\t<\/div><div class=\"entry-content\"><p>Liebe Mitglieder, die Wintersaison neigt sich dem Ende und unsere Tennispl\u00e4tze m\u00fcssen f\u00fcr die Sommersaison hergerichtet werden. Wir starten mit den ersten Gemeinschaftsdiensten am \u00a0Samstag, d. 11. April 2026 \u00a0Samstag,<\/p><\/div>\t\t\t\t\t\t<\/div>\r\n\t\t\t\t\t<\/div>\r\n\t\t\t\t\t\t\t\t\t\t\t<div class=\"dfd-share-cover dfd-share-animated\">\r\n\t\t\t\t\t\t\t<div class=\"dfd-blog-share-popup-wrap\" data-directory=\"https:\/\/tcbw-delmenhorst.de\/wp-content\/themes\/dfd-ronneby\" data-url=\"https:\/\/tcbw-delmenhorst.de\/index.php\/2026\/03\/21\/tcbw-gemeinschaftsdienste-2026\/\" data-text=\"Share\" data-title=\"Share\">\r\n\t<div class=\"box\">\r\n\t\t<div class=\"dfd-share-icons\">\r\n\t\t\t<ul class=\"rrssb-buttons\">\r\n\t\t\t\t<li class=\"rrssb-facebook facebook soc_icon-facebook\">\r\n\t\t\t\t\t<!--  Replace with your URL. For best results, make sure you page has the proper FB Open Graph tags in header: -->\r\n\t\t\t\t\t<a href=\"https:\/\/www.facebook.com\/sharer\/sharer.php?u=https:\/\/tcbw-delmenhorst.de\/index.php\/2026\/03\/21\/tcbw-gemeinschaftsdienste-2026\/\" class=\"popup\"><\/a>\r\n\t\t\t\t<\/li>\r\n\t\t\t\t<li class=\"rrssb-linkedin linkedin soc_icon-linkedin\">\r\n\t\t\t\t\t<!-- Replace href with your meta and URL information -->\r\n\t\t\t\t\t<a href=\"http:\/\/www.linkedin.com\/shareArticle?mini=true&amp;url=https:\/\/tcbw-delmenhorst.de\/index.php\/2026\/03\/21\/tcbw-gemeinschaftsdienste-2026\/\" class=\"popup\"><\/a>\r\n\t\t\t\t<\/li>\r\n\t\t\t\t<li class=\"rrssb-pinterest pinterest soc_icon-pinterest\">\r\n\t\t\t\t\t<!-- Replace href with your meta and URL information.  -->\r\n\t\t\t\t\t<a href=\"http:\/\/pinterest.com\/pin\/create\/button\/?url=https:\/\/tcbw-delmenhorst.de\/index.php\/2026\/03\/21\/tcbw-gemeinschaftsdienste-2026\/&image_url=https:\/\/tcbw-delmenhorst.de\/wp-content\/uploads\/2026\/03\/05-06-_001.jpg\" class=\"popup\"><\/a>\r\n\t\t\t\t<\/li>\r\n\t\t\t\t<li class=\"rrssb-twitter twitter dfd-added-icon-twitter-x-logo\">\r\n\t\t\t\t\t<!-- Replace href with your Meta and URL information  -->\r\n\t\t\t\t\t<a href=\"https:\/\/twitter.com\/intent\/tweet?text=https:\/\/tcbw-delmenhorst.de\/index.php\/2026\/03\/21\/tcbw-gemeinschaftsdienste-2026\/\" class=\"popup\"><\/a>\r\n\t\t\t\t<\/li>\r\n\t\t\t<\/ul>\r\n\t\t<\/div>\r\n\t\t<div class=\"dfd-share-title box-name\">Share<\/div>\r\n\t<\/div>\r\n<\/div>\t\t\t\t\t\t<\/div>\r\n\t\t\t\t\t\t\t\t\t<\/div>\r\n\t\t\t<\/div>\r\n\t\t\t\t<\/div>\r\n<\/div><script type=\"text\/javascript\">\r\n\t\t\t\t\t\t\t\t(function($) {$(\"head\").append(\"<style>#dfd-blog-module-69e16f39b89fd .dfd-read-share {border-top-style: dotted; border-bottom-style: dotted;}#dfd-blog-module-69e16f39b89fd.dfd-blog-loop.simple .post .cover {border-bottom-style: dotted;}#dfd-blog-module-69e16f39b89fd.dfd-blog-loop.with-number-decor .dfd-number-decor {style=&quot;&quot;}<\/style>\");})(jQuery);\r\n\t\t\t\t\t\t\t<\/script><\/div><div class=\"dfd-spacer-module\"  data-units=\"px\" data-wide_resolution=\"1280\" data-wide_size=\"0\" data-normal_resolution=\"1024\" data-normal_size=\"65\" data-tablet_resolution=\"800\" data-tablet_size=\"0\" data-mobile_resolution=\"480\" data-mobile_size=\"0\" style=\"height: 0px;\"><\/div>[\/vc_column][vc_column width=&#8220;1\/4&#8243; el_class=&#8220;dfd_col-tablet-6&#8243; offset=&#8220;vc_col-lg-3 vc_col-md-3 vc_col-xs-12&#8243;]<div class=\"dfd-spacer-module\"  data-units=\"px\" data-wide_resolution=\"1280\" data-wide_size=\"75\" data-normal_resolution=\"1024\" data-normal_size=\"65\" data-tablet_resolution=\"800\" data-tablet_size=\"40\" data-mobile_resolution=\"480\" data-mobile_size=\"30\" style=\"height: 75px;\"><\/div><div class=\"dfd-heading-shortcode\"><div class=\"dfd-heading-module-wrap  text-left style_01 dfd-heading-69e16f39c5c5b dfd-disable-resposive-headings\" id=\"dfd-heading-69e16f39c5c5b\" ><div class=\"inline-block\"><div class=\"dfd-heading-module\"><h6 class=\"widget-title dfd-title \" style=\"font-size: 13px; color: #7c7c7c !important; \">WEITERE LINKS<\/h6><\/div><\/div><\/div><script type=\"text\/javascript\">\r\n\t\t\t\t\t\t\t\t\t(function($) {\r\n\t\t\t\t\t\t\t\t\t\t$(\"head\").append(\"<style>.dfd-heading-69e16f39c5c5b.dfd-heading-module-wrap .dfd-heading-module .dfd-heading-delimiter {margin-top:10px;margin-bottom:10px;}<\/style>\");\r\n\t\t\t\t\t\t\t\t\t})(jQuery);\r\n\t\t\t\t\t\t\t\t<\/script><\/div><div class=\"dfd-spacer-module\"  data-units=\"px\" data-wide_resolution=\"1280\" data-wide_size=\"35\" data-normal_resolution=\"1024\" data-normal_size=\"30\" data-tablet_resolution=\"800\" data-tablet_size=\"10\" data-mobile_resolution=\"480\" data-mobile_size=\"10\" style=\"height: 35px;\"><\/div>[vc_row_inner el_class=&#8220;widget widget_categories&#8220;][vc_column_inner][vc_column_text]<\/p>\n<ul>\n<li><a href=\"http:\/\/tcbw-delmenhorst.de\/\/index.php\/impressum\/\">Impressum<\/a><\/li>\n<li><a href=\"http:\/\/tcbw-delmenhorst.de\/\/index.php\/datenschutz\/\">Datenschutz<\/a><\/li>\n<li><a href=\"http:\/\/tcbw-delmenhorst.de\/\/wp-content\/uploads\/2018\/04\/Satzung2018.pdf\" target=\"_blank\" rel=\"noopener\">Vereinssatzung<\/a><\/li>\n<li><a href=\"http:\/\/tcbw-delmenhorst.de\/\/index.php\/kontakt\/\">Kontakt<\/a><\/li>\n<\/ul>\n<p>[\/vc_column_text][\/vc_column_inner][\/vc_row_inner][\/vc_column][\/vc_row]<\/p>\n<\/div>","protected":false},"excerpt":{"rendered":"<p>[vc_row dfd_bg_style=&#8220;image&#8220; dfd_bg_image_new=&#8220;695&#8243; dfd_bg_image_repeat=&#8220;no-repeat&#8220; dfd_image_bg_color=&#8220;#2a2a2a&#8220; dfd_bg_image_position=&#8220;center center&#8220; dfd_bg_image_repeat_mobile=&#8220;repeat&#8220; dfd_bg_image_size_mobile=&#8220;initial&#8220; dfd_overlay_color=&#8220;#0c0c0c&#8220; dfd_overlay_pattern=&#8220;transperant&#8220; force_equal_height_columns=&#8220;main_row&#8220; align_content_vertically=&#8220;&#8220; mobile_destroy_equal_heights_resolution=&#8220;799&#8243; dfd_row_config=&#8220;full_width_content&#8220; dfd_row_responsive_enable=&#8220;dfd-row-responsive-enable&#8220; css=&#8220;.vc_custom_1522956918917{padding-right: 100px !important;padding-left: 100px !important;}&#8220; mobile_destroy_equal_heights=&#8220;yes&#8220; dfd_bg_image_new_responsive=&#8220;157&#8243; dfd_bg_resolution=&#8220;1023&#8243; dfd_bg_image_position_mobile=&#8220;top left&#8220; responsive_styles=&#8220;padding_left_mobile:10|padding_right_mobile:10&#8243;][vc_column width=&#8220;1\/4&#8243; el_class=&#8220;dfd_col-tablet-6&#8243; offset=&#8220;vc_col-lg-3<\/p>\n","protected":false},"author":1,"featured_media":0,"parent":0,"menu_order":0,"comment_status":"closed","ping_status":"closed","template":"page-custom.php","meta":{"_acf_changed":false,"footnotes":""},"class_list":["post-58","page","type-page","status-publish","hentry"],"acf":[],"_links":{"self":[{"href":"https:\/\/tcbw-delmenhorst.de\/index.php\/wp-json\/wp\/v2\/pages\/58","targetHints":{"allow":["GET"]}}],"collection":[{"href":"https:\/\/tcbw-delmenhorst.de\/index.php\/wp-json\/wp\/v2\/pages"}],"about":[{"href":"https:\/\/tcbw-delmenhorst.de\/index.php\/wp-json\/wp\/v2\/types\/page"}],"author":[{"embeddable":true,"href":"https:\/\/tcbw-delmenhorst.de\/index.php\/wp-json\/wp\/v2\/users\/1"}],"replies":[{"embeddable":true,"href":"https:\/\/tcbw-delmenhorst.de\/index.php\/wp-json\/wp\/v2\/comments?post=58"}],"version-history":[{"count":36,"href":"https:\/\/tcbw-delmenhorst.de\/index.php\/wp-json\/wp\/v2\/pages\/58\/revisions"}],"predecessor-version":[{"id":4254,"href":"https:\/\/tcbw-delmenhorst.de\/index.php\/wp-json\/wp\/v2\/pages\/58\/revisions\/4254"}],"wp:attachment":[{"href":"https:\/\/tcbw-delmenhorst.de\/index.php\/wp-json\/wp\/v2\/media?parent=58"}],"curies":[{"name":"wp","href":"https:\/\/api.w.org\/{rel}","templated":true}]}}